Let g(r) = -5 + 0*r + r**3 - 7*r**2 + 10 + 6*r. Let j be g(6). What is the units digit of (-4)/((-5)/(j/2))?
2
Suppose 5*z - 296 = 4*t, t = -2*z + 6*t + 132. What is the units digit of z?
6
Let x be 90/4 - (-1)/2. Let z = x + -12. What is the units digit of z?
1
Let w be -1*1*(-12 + 4). Suppose -3*b + c = -5, -b + 4*c + 5 = 18. Suppose -b*d = -10 - w. What is the units digit of d?
6
Suppose -38 = -4*p - 10. Let l(u) = 0*u**2 + 8*u + 0*u**3 + u**3 - 3 - 8*u**2. What is the units digit of l(p)?
4
Suppose 0 = -4*k + 2*v + 150, 5*v = -15 - 0. Suppose 5*m + 48 + 1 = -3*a, 4*m + k = -2*a. Let u = -4 - a. What is the units digit of u?
4
Let p(z) = -z - 1. Suppose 2*d - 3*n + 2 = 2*n, -n + 4 = -d. Let x be 6*(d/9 + 0). What is the units digit of p(x)?
3
Let q be 6/(-2 - 5/(-4)). Let y = q + 11. Suppose 0*o - 3*t - 39 = -y*o, 3*o - 21 = -3*t. What is the tens digit of o?
1
Let r(f) = -f - 3. Let u be r(-10). Suppose 5*h - u = -2*o, -4*h + 5*h + 7 = o. What is the units digit of o?
6
Let l(d) = -d + 6. Let y be l(0). Suppose -50 = -5*w + g, -g + 30 = 3*w - y*g. What is the tens digit of w?
1
Let l(a) = a**3 - 9*a**2 + 12. What is the tens digit of l(9)?
1
Let y(z) be the first derivative of 3*z**3 + z**2/2 - 4. Let f = 3 - 2. What is the tens digit of y(f)?
1
What is the tens digit of (-1 + -1)/2 + 15?
1
Let m(w) = -w**3 + 3*w**2 - 4*w + 2. Let k be m(2). Let c(i) = -11*i + 1. What is the units digit of c(k)?
3
Let g(b) = b**3 - b - 1. Let a = 1 - -1. Let j be g(a). Let r = -4 + j. What is the units digit of r?
1
Let o be (1 - 1) + (-2)/(-1). Suppose o*y - 4 = -0*y. Suppose 0*t + 5*t = -4*r + 55, -44 = -5*r + y*t. What is the units digit of r?
0
Let q = -8 + 10. What is the units digit of (q - 3)*-2 - -9?
1
Let t = 7 - 4. Suppose 2*z - 54 = -b, -2*z - b + t*b + 48 = 0. What is the units digit of z?
6
Let n = -7 + 2. Let r = n + 1. What is the units digit of r/(-4)*(3 - -1)?
4
Let w = -245 + 343. What is the units digit of w?
8
Suppose -16 = -4*v - 4*a, -3*a = 5*v - 15 - 7. What is the units digit of v?
5
Let b = -1 + 4. Suppose 5*u - 6 - b = o, 4*u + 12 = 4*o. What is the units digit of o?
6
What is the units digit of 3 + 31 - (-1 - -3)?
2
Suppose d + 53 - 185 = 0. What is the tens digit of d?
3
Let c = -32 - -61. Suppose 11 = 4*v - 53. Let x = c - v. What is the tens digit of x?
1
Suppose 0 = 2*h + 8, -324 = -4*b + 2*h - 6*h. What is the tens digit of b?
8
Suppose z + 0*z + 35 = n, -4*n + 2*z = -136. Suppose 2*j - n = 11. Suppose 4*c = 3*c + 4*t - 10, -c - 4*t + j = 0. What is the units digit of c?
6
Suppose -13 = -5*l + 7. Let s = 26 - 21. Suppose l*g + 5*m = 64, 24 = 4*g - s*m - 0. What is the tens digit of g?
1
Let p(c) = c**2 + c - 1. Let q(o) = -2*o**2 - 6*o + 7. Let u(v) = 6*p(v) + 2*q(v). What is the units digit of u(6)?
4
Let a = 4 + -4. Suppose a*r - 40 = -5*r. What is the units digit of r?
8
Suppose 2*s + s - 12 = 0, -4*s + 36 = 5*h. Let x be h/16 - (-47)/4. What is the units digit of (-1 + 4)/(x/8)?
2
What is the units digit of (-1)/(3 - (-220)/(-73))?
3
Let x = 15 - 11. Suppose -8 + x = -2*o. Suppose -m + 10 = -4*j + 2, m + 2*j = o. What is the units digit of m?
4
Let m = 7 - -20. Suppose -2*j - m = -3*j - 3*k, k = 5. What is the tens digit of j?
1
Suppose c = 2*q + 41, 3*q = -c - 0*q + 66. What is the units digit of c?
1
Let m(y) = -4*y**2 + 1 + 3*y**2 - 2*y - 2. Let f be m(-1). Suppose 2*w - 5*w + 3 = f. What is the units digit of w?
1
Suppose 671 = 3*g - 5*r, -3*r + 205 = 9*g - 8*g. What is the hundreds digit of g?
2
Let u(q) = q + 12. Let k be u(-5). Suppose 9 = -g + 3*m - k*m, -4*g = 3*m - 3. Suppose -2*l + g*p = -27, -3*l + 5*p + 20 = -22. What is the units digit of l?
9
What is the tens digit of (-237)/(-2) - 14/28?
1
Suppose -5*q - 5*n = -750, 3*q - 412 = 4*n + 17. What is the units digit of q?
7
Let d = -74 - -154. What is the tens digit of d?
8
What is the tens digit of (-17 - 0)/(-3 - 10/(-4))?
3
Let h(b) = 2*b**2 - b + 2. What is the tens digit of h(4)?
3
Let v(h) = -2 - 3*h + 3*h**3 + 1 - 4*h**3 + 5*h**2. What is the units digit of v(4)?
3
Let x = 1 + -4. What is the tens digit of x/15 + (-76)/(-5)?
1
Let f(d) = -2*d + 2. What is the tens digit of f(-7)?
1
Suppose 0 = -4*a + 5*h + 37 + 132, -5*a + h + 185 = 0. Suppose 0*g + 3*g = a. What is the tens digit of g?
1
Let k(r) = 16*r**3 - 4*r**2 - 41*r + 35. Let o(g) = 3*g**3 - g**2 - 8*g + 7. Let h(u) = -2*k(u) + 11*o(u). What is the units digit of h(5)?
7
Let j = 5 + -21. Let n = -22 - j. What is the units digit of (-22)/n + 2/6?
4
Suppose 4*v - 12 = -4*t, -4*t + 12 = t + 2*v. What is the units digit of 2/((-2)/(-56)*t)?
8
Let l = -3 + -5. Let x(h) = h**3 + 9*h**2 + 4*h + 9. What is the tens digit of x(l)?
4
Let l be (-3)/6*1*2. What is the units digit of (10 - 0)*l/(-2)?
5
What is the units digit of -2*(3/6 + -1)?
1
Suppose 13*a + 218 = 15*a. What is the hundreds digit of a?
1
Suppose -4*u + 7 = -9. Suppose -2*p + 17 = 5*q, -u*q + q - 3 = -p. What is the units digit of p?
6
Let z = 5 - 0. Suppose -4*k + 3*s = 7, -z*k + 30 = 5*s - 5. What is the units digit of k?
2
Let u(a) = a**3 + a**2 - 4*a. Let b be u(3). Let c = 8 - -9. Let h = b - c. What is the units digit of h?
7
Let p = -267 - -384. What is the tens digit of p?
1
Suppose 7*v = 4*v + 360. Suppose -4*p = -p - v. What is the units digit of p?
0
Suppose 2*r - r = 20. Suppose 5*z - 10 - r = 5*v, -4*z - v + 34 = 0. What is the units digit of z?
8
Suppose 2*c - c = 0. Let d = c + 11. What is the units digit of d?
1
Let h(f) = 5*f + 5. What is the tens digit of h(6)?
3
Suppose -4*y = -v - 40, -30 = -3*y - 0*v + 4*v. What is the tens digit of y?
1
Let h = -98 - -221. What is the units digit of h?
3
Suppose 0 = i - 83 + 28. What is the tens digit of i?
5
What is the hundreds digit of (1/(-3) - -1)/((-2)/(-471))?
1
Let n(t) = -t**3 + 7*t**2 + 9*t - 9. Let d = -10 + 17. Let k be n(d). Suppose 4*c + 5*v - k = 0, c + 65 = 6*c + 5*v. What is the units digit of c?
1
What is the tens digit of (-1445)/(-15) + 4/6?
9
Let u be ((-6)/(-4))/((-1)/2). Let f be (-6)/u*(4 + -1). Suppose 0 = -n - 2*n + f. What is the units digit of n?
2
Suppose 0 = 4*j - 126 + 50. What is the units digit of j?
9
What is the units digit of 4/(-20) + (-111)/(-5)?
2
Suppose -5*h + 4*p = p - 8, 4*h + 5*p - 36 = 0. Suppose -h = -c, -3*f + 113 = -c + 3*c. What is the units digit of f?
5
Let j = 12 - 5. Suppose -j = -5*m + 4*c, 3*m - 4*c + 5 = 2*m. Suppose -5*u + m*u + 14 = 0. What is the units digit of u?
7
Suppose 32 = 2*m - 4. Suppose 4*j - 26 - m = 0. What is the tens digit of j?
1
Suppose -m = 4*m. Let w be -2 - -4 - (m - -1). Suppose -6 = -5*c - w. What is the units digit of c?
1
Let h be 2/(-8) + (-54)/(-24). Suppose 5*l - h*b = 56, -2*l + 15 = l + 5*b. What is the units digit of l?
0
Let n be 8/(-3)*(-3)/2. Suppose n*z + 4*p + 7 = 3, 4*z = -3*p - 2. What is the units digit of z?
1
Let i(s) = 7*s + 3. Let c be (-10)/(-2)*24/20. Let k be i(c). Suppose -13 = 4*z - k. What is the units digit of z?
8
Let i be (-2)/4*(-3 - -1). Let n(k) = -3 + 7*k**2 + 1 - k + 3. What is the units digit of n(i)?
7
Let c(n) = -20 + 30*n**2 + 14 + 5 + 2*n. What is the tens digit of c(1)?
3
Let x be 4 - ((-2 - -5) + -2). Suppose 6*o + 81 = x*o - 4*d, 2*d = -5*o - 135. Let c = -14 - o. What is the tens digit of c?
1
Let v be (1 - 4) + (-8)/(-2). Suppose -w - v + 3 = 0. Suppose -w*b + 0*b - l + 13 = 0, 16 = 5*b - 3*l. What is the units digit of b?
5
Let y = -12 + 8. Let b(o) = o**2 + 4*o. Let g be b(y). Suppose 2*w - w - 8 = g. What is the units digit of w?
8
Let n = 1 + 17. Suppose i + 3*i - 5*b - n = 0, 4*i = 3*b + 14. Suppose -i*s + s = -6. What is the units digit of s?
6
Let j(y) = -y**3 + 3*y**2 - 3*y + 4. Let z be j(3). Let n be 5 + z/((-10)/(-4)). Suppose -n*r + 3*w + 36 = 0, 5*r = 4*w + 36 + 20. What is the units digit of r?
8
Let f(s) = -2*s - 3. Let j be f(-2). Suppose -i + j = -a, 2*a = 4*i - 0 - 14. What is the units digit of 49/i + (-2)/12?
8
Suppose 3*d - 4*f = -0*f + 34, 2*f - 60 = -4*d. Suppose 2 = -o - o, d = n - 3*o. What is the tens digit of n?
1
Suppose 408 = -9*g + 1020. What is the tens digit of g?
6
Suppose -4*c - 303 = -7*c. What is the tens digit of c?
0
Let i = 7 + -4. Suppose -d = 1, -17 = -v + i*d + 2*d. What is the units digit of v?
2
Suppose -16*j + 19*j =